46*v - 4358662. Give a(-6).
14
Let o(i) = 6175*i - 98808. Calculate o(16).
-8
Let o(g) = -g**3 + 89*g**2 + 407*g - 43554. Determine o(88).
6
Let g(h) = -13*h**3 + 375*h**2 + 74*h - 468. Calculate g(29).
-4
Let a(q) = q**3 + 8*q**2 - 221*q - 1967. What is a(-14)?
-49
Let d(t) = -t**3 - 23*t**2 - 131*t - 3045. Determine d(-23).
-32
Let j(t) = 6*t**3 + t**2 - 56*t + 158. What is j(-4)?
14
Let b(z) = z**3 + 33*z**2 - 67*z - 1356. Calculate b(-32).
1812
Let l(s) = -16*s**2 - 107*s + 578. Calculate l(3).
113
Let g(v) = 158*v**2 - 801*v - 15. Give g(5).
-70
Let v(d) = 1206*d - 3252. What is v(3)?
366
Let t(z) = -z**2 + 789*z - 142768. What is t(281)?
-20
Let w(k) = 221*k**2 - 2321*k - 17126. Give w(-5).
4
Let x(w) = 10*w**2 + 2072*w + 1256. What is x(-207)?
842
Let p(o) = -o**2 + 1973*o + 257806. Calculate p(-123).
-2
Let t(q) = 430*q - 132440. What is t(308)?
0
Let o(z) = z**3 - 34*z**2 + 222*z - 43. Calculate o(12).
-547
Let o(w) = -338*w - 8394. Determine o(-23).
-620
Let q(b) = b**3 + 202*b**2 + 1738*b + 33. Give q(-193).
-160
Let x(z) = -11*z**2 + 1079*z - 25121. Determine x(38).
-3
Let l(q) = 3*q**2 - 155*q + 3498. Calculate l(36).
1806
Let k(a) = 3036*a - 932060. Determine k(307).
-8
Let r(c) = 23*c**3 - 917*c**2 + 6411*c - 261245. Determine r(40).
-5
Let z(y) = 111*y + 9929. Calculate z(-91).
-172
Let k(x) = -x**2 - 322*x - 13983. Give k(-52).
57
Let a(p) = -p**2 + 246*p - 15125. Give a(128).
-21
Let p(k) = 197*k**2 - 22261*k - 71. Determine p(113).
-71
Let w(c) = -2*c**3 + 30*c**2 - 7*c - 35. Determine w(15).
-140
Let t(s) = -3763*s + 86929. What is t(23)?
380
Let w(n) = 2*n**3 - 29*n**2 + 33*n - 164. What is w(11)?
-648
Let c(b) = 2*b**2 + 24264*b - 72795. Calculate c(3).
15
Let f(s) = s**3 + 6*s**2 + 1474*s + 11711. Determine f(-8).
-209
Let h(c) = 2*c**3 + 17*c**2 - 310*c + 582. Give h(-18).
6
Let p(u) = -u**2 + 1504*u + 40559. Determine p(-26).
779
Let x(s) = 5*s**2 - 10901*s - 950960. Determine x(-84).
4
Let a(h) = -h**3 - 6*h**2 + 120*h - 343. What is a(3)?
-64
Let k(x) = -5*x**2 - 32702*x + 163546. Determine k(5).
-89
Let y(k) = -15216*k - 91123. Give y(-6).
173
Let v(j) = j**3 - 19*j**2 - 54*j - 106. Determine v(21).
-358
Let s(g) = 8*g**2 + 2270*g - 64426. Give s(26).
2
Let b(w) = 47*w**2 - 2102*w - 251. Determine b(46).
2509
Let i(h) = 353*h - 78014. What is i(221)?
-1
Let m(s) = 4*s**3 - 143*s**2 - 925*s + 2649. Calculate m(41).
25
Let k(q) = -7894*q - 2841852. Give k(-360).
-12
Let r(h) = 3*h**3 + 736*h**2 + 27035*h - 453. Give r(-45).
-3
Let w(n) = -84*n + 509. Calculate w(15).
-751
Let b(q) = -2386*q + 45343. Calculate b(19).
9
Let q(t) = -t**3 + 310*t**2 + 14024*t - 8437. What is q(350)?
-37
Let m(y) = -y**3 - 21*y**2 - 271*y + 25. Calculate m(-12).
1981
Let x(z) = 4342*z - 1971256. Give x(454).
12
Let p(s) = 2*s**3 - 1697*s**2 + 237209*s + 4707. Give p(672).
3
Let z(b) = -1447*b - 53891. What is z(-39)?
2542
Let q(h) = -2827*h + 13991. Calculate q(4).
2683
Let d(f) = -11*f**2 + 982*f - 2179. Calculate d(87).
-4
Let q(j) = -564*j**2 - 14125*j - 634. Give q(-25).
-9
Let j(d) = -2*d**2 - 572396*d + 6869034. Determine j(12).
-6
Let q(b) = -896*b - 3238. What is q(-4)?
346
Let t(k) = -5*k**2 + 604*k + 155478. Determine t(-126).
-6
Let q(r) = 18502*r + 36297. What is q(-2)?
-707
Let l(m) = 606*m**3 - 7883*m**2 + 73*m - 94. What is l(13)?
10
Let u(s) = -14*s**3 + 2*s**2 + 2*s - 24. Calculate u(0).
-24
Let v(j) = -33*j**3 - 8*j**2 + 499*j + 12. Determine v(-4).
0
Let j(y) = 962582*y + 9625831. Give j(-10).
11
Let t(j) = -4*j**3 - j**2 + 215*j - 526. Give t(3).
2
Let x(a) = 14*a**3 - 183*a**2 + 30*a + 22. Give x(13).
243
Let m(v) = v**3 - 2*v**2 - 3*v - 288. What is m(8)?
72
Let v(p) = -2*p**3 + 65*p**2 - 101*p - 181. Determine v(31).
-429
Let f(n) = n**3 - 3*n**2 - 1993*n - 13779. What is f(-7)?
-318
Let b(y) = 4*y**3 + 47*y**2 + 217*y - 18. Give b(-8).
-794
Let p(q) = 4148*q + 36438. Calculate p(-9).
-894
Let l(f) = 312*f - 41633. Calculate l(133).
-137
Let p(m) = -6*m**2 - 50953*m - 101909. Determine p(-2).
-27
Let i(x) = 2*x**3 - 30*x**2 - 50*x - 1085. Calculate i(18).
-41
Let j(x) = -107*x**3 - 12*x**2 + 27*x - 60. Give j(2).
-910
Let a(x) = -251*x - 6915. What is a(-28)?
113
Let w(n) = -537*n**2 + 4204*n - 12. Give w(8).
-748
Let a(r) = 2298*r**2 + 11404*r + 11404. Determine a(-1).
2298
Let g(r) = 61*r**2 - 7746*r - 90. Give g(127).
37
Let f(u) = u**3 + 217*u**2 - 450*u - 2646. Give f(-219).
-18
Let k(d) = 226*d + 3472. What is k(-20)?
-1048
Let g(b) = 4*b**2 - 310*b + 2328. Give g(69).
-18
Let r(d) = d**3 - 620*d**2 + 7314*d - 213. Determine r(12).
3
Let z(d) = -54*d**3 - 9*d**2 + 143*d + 303. Give z(-2).
413
Let v(g) = -432*g + 61596. Determine v(142).
252
Let p(z) = 51165*z + 1893128. What is p(-37)?
23
Let m(t) = 22563*t + 835084. What is m(-37)?
253
Let y(f) = -f**2 - 827*f + 70593. What is y(78)?
3
Let v(x) = -2413*x**2 + 9694*x + 4. Determine v(4).
172
Let x(d) = -d**2 + 425*d + 69814. Calculate x(-127).
-290
Let f(q) = 5271*q - 132514. Calculate f(25).
-739
Let x(t) = -2*t**2 - 86*t - 395. Calculate x(-5).
-15
Let d(g) = -g**2 + 2310*g - 68385. Calculate d(30).
15
Let f(h) = 350*h + 224710. Give f(-642).
10
Let g(b) = 1294*b + 143621. Calculate g(-111).
-13
Let b(z) = z**3 + 639*z**2 + 1060*z + 269316. Give b(-638).
80
Let i(w) = -130*w**2 - 10400*w + 44. What is i(-80)?
44
Let n(t) = 142*t**2 - 9*t + 67. Give n(-4).
2375
Let w(z) = z**3 + 47*z**2 + 271*z - 3650. Calculate w(-36).
850
Let t(a) = -198*a + 20047. What is t(101)?
49
Let w(p) = 2*p**3 + 81*p**2 - 242*p - 20. Give w(-43).
1141
Let u(s) = s**3 - 1245*s**2 - 49*s - 3. Determine u(0).
-3
Let p(l) = -14*l**2 - 782*l + 19928. Calculate p(19).
16
Let s(o) = -o**3 + 11*o**2 + 33*o - 183. Calculate s(-9).
1140
Let s(n) = -3*n**2 + 536*n - 6463. Give s(13).
-2
Let u(y) = 6*y**2 + 23*y + 17. Determine u(-8).
217
Let w(o) = 22*o**2 + 67*o - 468. Give w(11).
2931
Let o(y) = 11*y + 118. Give o(-47).
-399
Let f(m) = 4*m**2 - 270*m + 2382. Give f(11).
-104
Let i(h) = -4136*h - 21132. Determine i(-5).
-452
Let n(r) = 4*r**3 + 1371*r**2 - 315*r + 9400. What is n(-343)?
-204
Let v(k) = -13*k**2 - 162*k + 10250. Determine v(-35).
-5
Let u(g) = -3*g**2 + 6972*g + 111704. Calculate u(-16).
-616
Let v(b) = -20*b**3 - 385*b**2 + 295*b - 71. What is v(-20)?
29
Let y(k) = k**3 + 74*k**2 + 523*k - 47. Give y(-8).
-7
Let r(a) = 6*a**3 - 294*a**2 - 1609*a - 5. What is r(-5)?
-60
Let d(m) = -289*m - 7911. Calculate d(-27).
-108
Let w(z) = -8*z**3 - 178*z**2 + 185*z - 6. What is w(1)?
-7
Let j(m) = 33*m + 5867. What is j(-179)?
-40
Let o(d) = 6037*d**2 - 54335*d. Calculate o(9).
-18
Let t(o) = 1620*o - 230119. What is t(142)?
-79
Let b(j) = 12*j**2 + 1814*j - 1518. Calculate b(-152).
2
Let u(w) = 53*w**3 - 1011*w**2 + 111*w - 501. What is u(19)?
164
Let r(a) = -1876*a + 91198. Determine r(45).
6778
Let n(q) = 11914*q - 47676. Give n(4).
-20
Let b(a) = 2*a**3 + 21*a**2 - 143*a - 1538. Calculate b(-10).
-8
Let x(i) = 15*i**2 - 1259*i - 134. Calculate x(84).
-50
Let q(z) = -2*z**3 - 105*z**2 + 23*z - 352. Give q(-53).
1238
Let n(l) = -l**2 - 166*l - 5681. What is n(-44)?
-313
Let o(y) = 300*y**2 + 3035*y + 26. Give o(-11).
2941
Let c(j) = -7823*j - 250263. Determine c(-32).
73
Let s(o) = 14*o**3 - 333*o**2 - 4861*o - 29. Determine s(34).
5
Let v(c) = -c**2 - 219*c + 8367. Calculate v(33).
51
Let s(j) = 169*j**2 - j + 3195. Calculate s(0).
3195
Let y(c) = -c**3 - 80*c**2 - 406*c + 15875. What is y(-20)?
-5
Let o(l) = -36663*l + 36665. Calculate o(1).
2
Let g(y) = -3*y**2 - 48*y + 3039. Calculate g(25).
-36
Let l(h) = -61*h + 287. Determine l(-2).
409
Let v(q) = -10733*q + 2651052. Calculate v(247).
1
Let f(t) = 307*t**2 + 13650*t - 13651. Determine f(1).
306
Let u(p) = 9*p**2 + 1205*p + 32. Calculate u(-136).
2616
Let c(h) = 174212*h + 3832656. Calculate c(-22).
-8
Let f(g) = 2137*g**2 + 6407*g - 5. What is f(-3)?
7
Let v(s) = 45473*s - 1909868. Calculate v(42).
-2
Let i(r) = r**3 - 71*r**2 - 1357*r + 5730. Calculate i(86).
-32
Let h(c) = 3*c**3 - 24*c**2 + 157*c - 1616. Calculate h(9).
40
Let u(i) = -i**3 - 95*i**2 - 208*i - 321. Calculate u(-93).
1725
Let x(v) = -2243*v - 115159. Calculate x(-52).
1477
Let r(p) = 517*p - 458. Calculate r(1).
59
Let k(l) = -75*l**3 - 1880*l**2 - 139*l -